- 5*c - 2183. Is r a prime number?
False
Let q be -2 - 2 - 0/3. Let m be q/(-18) + 4/(-18). Suppose d = -m*d + 7. Is d prime?
True
Let n be (-10120)/(-12) + 4/6. Suppose 4*i + 0*i = n. Is i composite?
False
Let t be 2/(-3) - (-704)/(-6). Let b = -3 - t. Is b a prime number?
False
Suppose h + 5 = 0, -5*h = 3*b + 19 + 3. Let s(d) = 36*d. Let k be s(b). Let c = k + -17. Is c composite?
False
Suppose 36*l - 388 = 32*l. Is l prime?
True
Suppose 35*m - 15258 = 29*m. Is m a composite number?
False
Let w = 8 + -5. Is 1 + 6 + w - -1 a composite number?
False
Let a(x) = -4*x**2 - 6*x - 5. Let t(c) = 4*c**2 + 7*c + 6. Let b(s) = -7*a(s) - 6*t(s). Let z be 24/(-14) + 8/(-28). Is b(z) prime?
False
Let n(a) = -2*a**3 - a - 1. Let l be n(-1). Suppose -l*p - p - 162 = 0. Let x = -31 - p. Is x composite?
False
Suppose 4*s - 6*p = -p, 5*p = 5*s. Let k be 2 - s - (-1 + 2). Suppose -l - k = -5. Is l composite?
True
Let q be 10/3 + (-1)/3. Suppose 85 = q*j - 2*j. Is j a composite number?
True
Suppose -2*l + 2*z + 86 = 0, 0 = 5*l - 6*z + 2*z - 211. Is l a composite number?
True
Let l be -6*((-21)/6 + 3). Let z be ((-9)/l + -1)/(-2). Suppose 2*a - 2*c - 28 = 38, -z*c + 193 = 5*a. Is a a prime number?
True
Suppose -8*f + 4*f + 1205 = -5*l, 5*f + 2*l - 1465 = 0. Is f prime?
False
Let u(x) = x**2 + 5*x - 3. Let r be u(-6). Suppose 405 + 24 = r*d. Is d a prime number?
False
Let r(f) = 2*f**2 + 2*f + 5. Is r(-7) prime?
True
Let q(h) = -h**3 + 7*h**2 + 4*h + 5. Let s = 9 - 2. Is q(s) a prime number?
False
Let s(t) = t**3 - 3*t**2 + 3*t - 2. Let m be s(2). Let w(q) = -q + 12. Let o be w(m). Let x = 121 + o. Is x a composite number?
True
Suppose -3*k = -0*k + 24. Is (776/32)/((-2)/k) composite?
False
Is (-4)/26 + 4 + (-5386)/(-26) a composite number?
False
Suppose -3*t + 0 = -6. Is t prime?
True
Let x = 302 - 153. Is x a prime number?
True
Suppose 0 = 4*x + 8 + 296. Let s(o) = o**2 + 2*o - 2. Let g be s(-3). Let m = g - x. Is m a prime number?
False
Let m be 12/(-18) + (-28)/(-6). Suppose h + 753 = m*h. Is h a composite number?
False
Let l(r) = 3*r**3 + 6*r**2 + 2*r + 2. Let p be l(-4). Suppose d + 9 = 2*d. Is ((-30)/d)/(4/p) a composite number?
True
Let b be -23 - (3 + (0 - 0)). Let o = b + 111. Is o composite?
True
Suppose -2*b + 5*b - 6 = 0. Suppose -176 + 28 = -b*h. Is h composite?
True
Suppose -5*t + 17 = 7. Suppose -k + t*k - 2 = 0, 3*k = -5*l + 161. Is l prime?
True
Let v(n) = -n**3 - 10*n**2 - n + 13. Is v(-10) a composite number?
False
Suppose -5*m = -2*p + 316 + 674, -p = 4*m - 521. Is p prime?
False
Let b = 2 - -3. Suppose 1639 = b*u + 174. Is u composite?
False
Suppose 2*k = 3*o + 4*k - 4, 0 = -3*o + 2*k - 4. Suppose -c + 4*c = o. Suppose y - 3*y + 2*p + 146 = 0, c = -5*p + 20. Is y a composite number?
True
Let m be (0/(-2))/1*1. Suppose -4*o + 429 = -2*x - 3*x, -2*x - 2 = m. Is o composite?
True
Let f = 1 - -1. Let u(y) = 10*y**3 + 2*y**2 + y - 1. Let n be u(f). Suppose -4*w - 13 + n = 0. Is w a composite number?
False
Is ((-15112)/16)/(1/(-2)) composite?
False
Let o = 16 + -234. Is -3 - (3 + 1)*o a composite number?
True
Suppose 2*m + 3 - 11 = 0. Suppose 5*l - 179 = -j, 2*l - 50 = m*j + j. Is l a composite number?
True
Let b = 2 - 575. Is (1/3)/((-1)/b) a prime number?
True
Let x(a) = 19*a**2 + 2*a + 17. Is x(9) a composite number?
True
Is (-2948)/(-8)*-2*-1 a prime number?
False
Suppose -3*d + 10 = 2*o, 8 = 2*d + 4*o - 4. Suppose -d*u = -u. Suppose u = -i + 13 + 2. Is i prime?
False
Suppose -3*d = -0*r - r, 4*r - 9 = 3*d. Suppose -18 = -r*c - 3*b - 0, 2*c = -b + 12. Is c composite?
True
Let q(l) = l**3 - 3*l**2 - 3*l + 4. Let p be q(4). Suppose 3*x - 5*x = 2*i - 8, -p = -4*x. Is 1/1 + (26 - i) composite?
True
Suppose -y = u - 272 + 81, 5*u = -2*y + 958. Suppose -2*s - 2*s - 2*o = -698, s = 3*o + u. Is s a composite number?
True
Is (3/(-9))/((-4)/53916) composite?
False
Let i(v) = -v**3 - 12*v**2 - v - 8. Let r be i(-12). Suppose 84 = -0*t + r*t. Is t composite?
True
Let f = -5 + 8. Suppose 11 = f*n - 1. Suppose -v + 0*v = -4*i + 1232, 1248 = n*i - 5*v. Is i prime?
True
Let m(x) = -3*x**3 + 4*x**2 + 4*x + 3. Is m(-2) a composite number?
True
Let l(f) = 70*f + 13*f**2 - 42*f - 38*f + f**3 + 3. Suppose 0 = 2*d + 31 - 9. Is l(d) a composite number?
True
Suppose 3*q + 10 = q, c - 5*q + 36 = 0. Let t = 96 + c. Is t prime?
False
Suppose 26*t - 133 = 25*t. Is t a prime number?
False
Suppose -7063 = -20*j + 13*j. Is j a composite number?
False
Let o be -1*(-9)/((-27)/(-12)). Let a(w) = 76*w**2 - 3*w + 1. Is a(o) composite?
True
Let p = -5 - -6. Suppose -2*t - 5*d - p = -24, 3*d = t - 6. Is t composite?
True
Suppose 1 = -2*y + 3*y, 11 = -3*f + 2*y. Is 201/f*(1 + -2) composite?
False
Suppose 2*m + i - 13 = -2*m, -25 = -5*i. Suppose -4*r = -3*c + 1005, -5*r - 670 = m*c - 4*c. Is c a composite number?
True
Let m = 1 + 15. Suppose -2*y + 0 = -m. Is 2/y - (-45)/12 a prime number?
False
Suppose -13 = b - 5*a - 0, 4*b + 5*a + 27 = 0. Let k(y) = -y**2 - 9*y - 5. Let i be k(b). Suppose i*w - v = 3*v + 257, -2*w = -4*v - 178. Is w prime?
True
Suppose -11*l = -6*l - 20. Is l - (-622 - -2) - 1 prime?
False
Let a = 203 - 113. Suppose z + a = 3*z. Let v = z - 14. Is v a composite number?
False
Let s = 178 - 63. Is s prime?
False
Let i = -343 + 830. Is i a prime number?
True
Suppose -4*c = 12, -c + 3 = -3*i - 2*c. Suppose i*x + x - 397 = 0. Is x composite?
False
Let f be 100/(-6)*24/(-8). Let i = -21 - -133. Let p = i - f. Is p a composite number?
True
Suppose 4*c + 2 = -14. Let j(q) = 28*q**2 + 3*q + 9. Is j(c) prime?
False
Let i(n) = -4*n**3 + 2*n**2 - 2*n + 3. Suppose -3*a - 4 - 8 = 0. Is i(a) composite?
True
Suppose 6*v - 3*v = -3*w + 6483, 4*v = w + 8644. Is v a prime number?
True
Let b be (-56)/(-24) - 2/6. Suppose -4*f - 385 = -5*k, b*f = -0*f. Is k composite?
True
Let u be (18/(-4))/(9/3840). Let s be u/(-26) - 10/(-65). Suppose -s = -2*w + 104. Is w a composite number?
False
Let y(r) = 0 + 8*r + 3 + 9*r - r. Let m be y(-2). Let s = m + 82. Is s composite?
False
Let a = 11 - 8. Suppose -4*f + 9*f - a*b = 117, -3*b = 2*f - 30. Is f a prime number?
False
Let k(c) = 122*c + 13. Is k(6) composite?
True
Let z = -8 - -3. Is -4 + 1 + (-190)/z a prime number?
False
Let t(q) = 141*q + 4. Let g = -7 - -10. Is t(g) composite?
True
Let n(s) be the second derivative of -6*s**5/5 + s**4/6 - s**3/2 - 3*s**2/2 - 2*s. Is n(-2) prime?
False
Suppose s + b = 303, -s = -3*b - 305 - 14. Is s a prime number?
True
Let i(t) = -t**3 + 11*t**2 + t + 4. Let h be (1/(-2))/((-1)/18). Let d be i(h). Let v = d - 84. Is v a prime number?
False
Suppose -k + 3*g + 22 = 0, -2*k - g - g = -36. Is k prime?
True
Let j = -295 - -454. Is j a prime number?
False
Let q(x) = -x**3 - 5*x**2 + 7*x + 3. Is q(-8) a composite number?
False
Let a = -7 + 21. Is a composite?
True
Suppose 4 = -2*k + 6*k - 2*l, -1 = -k - 4*l. Is k + (-1)/((-3)/1758) composite?
False
Let z(t) = -33*t - 8. Is z(-7) prime?
True
Suppose -5*f - 8509 = -3*l - 0*f, -3*l + 3*f + 8505 = 0. Is l composite?
False
Suppose 0 = 3*h + 4*m - 20, -2*h = h - 3*m - 6. Suppose -63 = h*y - 331. Is (y/(-3))/((-2)/6) composite?
False
Suppose 4*w - 1633 = 5*u, 3*w - 3*u - u - 1225 = 0. Is w composite?
True
Let f(s) = s**3 + 6*s**2 + 5*s. Let l be f(-5). Suppose b + l*b - 2 = 0. Suppose 0*k - b*k + 38 = 0. Is k a prime number?
True
Suppose -2*t = 3*t - 20. Suppose 2*i = -0*i + t. Suppose i*s - 34 = 10. Is s prime?
False
Suppose 0 = -l - l + 8. Suppose -5*g = -0*g - 4*v - 15, -l*v = 2*g - 6. Is 37*g*(-3)/(-9) prime?
True
Let n be ((-4)/12)/(2/(-6)). Is (-298)/(-10)*(n + 4) a composite number?
False
Let t = 3848 + -2605. Is t a composite number?
True
Suppose -8*z - 97 = -y - 3*z, -z = 2*y - 150. Is y/(-4)*8/(-2) composite?
True
Let m(l) = l**2 - l + 4. Let g be m(3). Suppose -4*w + g = -306. Is w a composite number?
False
Let i = 26 + 45. Is i composite?
False
Is (-18)/(-20)*54 - (-4)/10 a composite number?
True
Let o(z) = z**3 - 4*z**2 + 3*z + 2. Let g(m) = 4*m**2 - 1. Let p be g(-1). Let v be o(p). Suppose 46 = v*w - 32. Is w composite?
True
Suppose -3*q + 2*q + 4*w = -12, 4*w = -2*q. Suppose 4*m - 10 = i, q*m - 3 = m. Let z(y) = -2*y**3 - 5*y**2 - 6*y + 3. Is z(i) a prime number?
False
Let h(s) = 3*s**2 + 8*s**2 - 2*s**3 + 3*s + 12*s - 15 + s**3. Is h(12) prime?
F